9*k - 8. Let z be f(p). What is the greatest common factor of 8 and z?
8
Let y(w) = 4*w + 15. Let o be y(-5). Let p = o - -18. What is the highest common divisor of p and 65?
13
Suppose 2*v = 4*o - 186, -190 = -4*o + 66*v - 68*v. What is the highest common factor of 423 and o?
47
Suppose 3*q + 96 = 5*i + 27, i - 3*q - 9 = 0. Let s be 8 + -12 + (10 - 3). What is the greatest common divisor of s and i?
3
Suppose -988 = -12*f - 14*f. What is the highest common factor of 152 and f?
38
Let m = -31 - -36. Suppose p + 2*f + 0*f = 18, 4*p - 46 = m*f. Suppose 91 = 4*q + 7. Calculate the highest common divisor of q and p.
7
Let s be 47/4 - (8/32 - 5/(-10)). Suppose -214 = -0*j - 5*j + 2*t, -3*j - t + 135 = 0. Calculate the highest common factor of j and s.
11
Let p(o) = 221*o - 2648. Let x be p(12). Let i be (0 + -1)*1*-1. Let k be 8/3*(i - -2). What is the greatest common factor of k and x?
4
Suppose -261 = -2*k - 195. What is the highest common factor of k and 12?
3
Suppose 0 = -2*l + 31 + 41. Suppose 4*p - 180 + l = 0. What is the greatest common divisor of 4 and p?
4
Let m(l) = 53*l - 7. Suppose 2*x + 2 = 3*s - 0, -4*x - 2 = -5*s. Suppose 4*n - 14 = -s. Let f be m(n). Calculate the greatest common factor of 19 and f.
19
Let r be 537/6 + (-63)/42. What is the greatest common factor of 594 and r?
22
Let q be -9 + 14 + 2*7. Calculate the greatest common factor of q and 19.
19
Let q(g) = 2*g + 7. Let h be q(-5). Let y(f) = f**2 - 2*f - 2. Let l be y(h). What is the greatest common factor of l and 13?
13
Let u = -588 - -688. Calculate the greatest common divisor of 220 and u.
20
Let z(l) = -3*l + 16. Let a be z(6). Let y = a + 13. Let u = -19 + 30. What is the greatest common divisor of u and y?
11
Let k(f) = f**3 - 5*f**2 - 6*f + 5. Let j be k(6). Let p = 206 + -208. Let n be (j/(-10))/(p/48). Calculate the highest common divisor of 6 and n.
6
Suppose -30*o + 23*o = -210. What is the highest common divisor of 15 and o?
15
Let b = 9 + -4. Suppose 0 = 35*f - 30 - 5. Calculate the highest common divisor of f and b.
1
Suppose -9*i + 5*i + 4184 = 0. Suppose -6*t + i = 128. Calculate the greatest common divisor of t and 17.
17
Let h(p) = 59*p**2 - 7*p - 13. Let z be h(-3). Calculate the highest common factor of z and 49.
49
Let t = -43 - -7. Let i = 35 + t. Let o be i/((-5)/500 + 0). What is the greatest common factor of o and 40?
20
Let l be (-76)/(-95)*(-150)/(-4). Let i(r) = -2*r - 12. Let z be i(-8). Suppose 0 = c - 2 - z. What is the highest common divisor of c and l?
6
Let x = 19 - 30. Let h = 12 + x. Let r be h/2 - (-535)/10. What is the highest common factor of 36 and r?
18
Let g = 6 + -13. Let h be (-4 - 1 - -2)*g. Let m be (-6)/h + (-568)/(-28). What is the highest common divisor of 4 and m?
4
Let f(n) = -n**3 + n**2 - 2*n + 2. Let d be f(2). Let j(t) = -8*t + 11. Let k be j(-5). Let x = k + d. What is the greatest common factor of x and 18?
9
Let u(h) = 26*h + 776. Let x be u(-20). What is the highest common factor of 176 and x?
16
Let k = -21 + 23. Suppose 0 = -k*s - 4*u + 46, 77 - 10 = 3*s + 4*u. Calculate the highest common factor of 7 and s.
7
Suppose u - 10 = 5*k - u, -2*k - 5*u = 4. Let g = -3 - 11. Let z = k - g. What is the highest common factor of 6 and z?
6
Let v be 0 - -4 - (15/(-5) - -39). Let q be v/((-2)/1) - (-16)/(-4). What is the greatest common factor of q and 2?
2
Let i = 108 - 65. Let c = i + -28. Let n = c - 3. Calculate the highest common factor of 36 and n.
12
Let m(z) = -21. Let w(h) = h - 64. Let q(g) = 11*m(g) - 4*w(g). Let l be q(-8). Calculate the highest common factor of l and 285.
57
Let l(w) = -3*w + 25. Let p be l(0). Suppose -x - 2*m - 11 = 0, -2*x - m + 7 = -4*x. Let i be 7/(21/(-30))*x. Calculate the greatest common divisor of p and i.
25
Let a(z) = -z**3 + 5*z**2 - 2*z + 39. Let f be a(0). What is the highest common factor of 104 and f?
13
Suppose 84*t - 74*t - 250 = 0. Calculate the greatest common divisor of t and 1275.
25
Suppose -22*z = -1540 - 1078. Suppose w - 14 = -a, 4*w + 2*a - 78 = -16. What is the greatest common divisor of z and w?
17
Let j(c) = -12*c - 30. Let z be j(-6). Calculate the highest common divisor of 112 and z.
14
Let v(p) = -p**2 - 4*p + 8. Let o be v(-5). What is the greatest common factor of o and 243?
3
Let a(s) = -3*s**3 + 61*s**2 - 17*s + 26. Let y be a(20). What is the highest common divisor of y and 6?
2
Let g be ((-7)/(-5) - -1)*(-75)/(-30). Let j = -2 + 4. Let k be (-8 - (j + -1))*-1. What is the greatest common divisor of k and g?
3
Let i(s) = 6*s**2 + 64*s - 12. Let x be i(-11). What is the highest common factor of x and 30?
10
Let v = 4 + 10. Let c(g) be the first derivative of -g**4/4 + 2*g**3/3 + 3*g**2/2 - 4*g - 6. Let p be c(2). What is the highest common divisor of p and v?
2
Let c(j) = -j - 6 + j**2 + 0*j**2 + 7*j. Let y be c(-7). Suppose -5*x - 3*z = -12, -3*x + 23*z - 26*z + 6 = 0. What is the greatest common factor of x and y?
1
Let v be (-2)/(-11) - 20/(-11). Suppose 5*u = -v*m - 27, -20 = m - 4*u - 0*u. Let h = 31 + m. What is the highest common divisor of 165 and h?
15
Let b(q) = 3*q**2 + 15*q - 30. Let j be b(12). What is the highest common factor of j and 6?
6
Suppose -290 = -7*v - 80. Calculate the highest common divisor of 960 and v.
30
Let k be 5/(-17 + 2)*(-1 - -1). Suppose k = -3*r - 4*g + 274, r + r = 4*g + 176. What is the highest common factor of r and 18?
18
Let a(z) = -9*z**3 + 2*z**2 + 13*z + 21. Let j be a(-3). Calculate the greatest common divisor of 9 and j.
9
Let h be 4/(-30) - (1 - (-124)/(-30)). Let c = -63 - -937. Suppose 4*d - 998 = -h*q, 376 = 5*d + 5*q - c. What is the greatest common factor of d and 31?
31
Suppose 2*k + 4*z = 180, -k + 4*z = 4*k - 492. What is the greatest common factor of 168 and k?
24
Let i(u) = u**2 - 11*u - 21. Let g be i(15). Let v = -34 + g. Suppose -2*y - 1 = 4*k - 15, 15 = 2*y + 5*k. What is the greatest common divisor of v and y?
5
Suppose 2*w - 12 = -4*l - w, -4*w = -5*l - 16. Suppose 3*p + 2*p + t - 54 = l, 0 = -2*p + 5*t. What is the greatest common factor of 70 and p?
10
Let t = -656 + 980. Calculate the greatest common factor of t and 24.
12
Let u(i) = i**3 - 5*i**2 + 9*i - 5. Let p be u(4). What is the highest common divisor of p and 21?
3
Let b(l) = -2*l**2 - 16*l. Let w be b(-13). Let y be 6/(-4)*(-4 + w/15). Calculate the greatest common factor of y and 76.
19
Let a(k) = -k**2 + 10*k - 10. Let t be a(6). Calculate the highest common divisor of t and 2.
2
Let q(p) be the second derivative of p**5/20 + 11*p**4/12 - p**3/6 + 7*p**2/2 - 14*p. Let v be q(-11). Calculate the highest common divisor of v and 72.
18
Suppose -2*w = -2*t + t + 59, 4*w = -2*t - 138. Let x = -13 - w. Let a = 34 - x. Calculate the greatest common divisor of a and 15.
15
Let y(a) = 21*a**2 - 31*a + 58. Let k be y(2). Calculate the highest common divisor of 64 and k.
16
Let s = -82 + 149. Let y = s + -34. Calculate the highest common divisor of y and 22.
11
Let w(t) be the first derivative of -t**4/4 - 5*t**3/3 + 5*t**2 - 16*t + 44. Let p be w(-7). Calculate the greatest common divisor of p and 144.
12
Let s = -274 - -1447. Calculate the greatest common factor of s and 69.
69
Let k = -69 - -131. Suppose 2*f + 2*z = 58, -5*z + z = f - 23. Calculate the highest common factor of k and f.
31
Let d be (-3 - (7 - 8)) + 13. Suppose -u + 3*p = 0, -5*u + 5*p + 7 = -13. Let b be u/(-21) - (-1698)/14. Calculate the highest common factor of b and d.
11
Suppose 405 = 220*n - 211*n. Suppose -3*v + 4*s + 0 - 1 = 0, -3*v = 5*s - 35. What is the highest common factor of v and n?
5
Suppose -14 = -2*g - 0. Let l = 209 + -202. Suppose 245 = l*i - 2*i. What is the greatest common divisor of i and g?
7
Let i(v) = -6*v**2 + 404*v - 113. Let u be i(67). What is the highest common factor of u and 987?
21
Suppose 0*c - 12 = -4*c. Let v(u) = -3*u + 17. Let n be v(5). Let l = n + 10. Calculate the greatest common divisor of c and l.
3
Let s(w) = w**3 - 8*w**2 + 11*w - 2. Let x(u) = u**3 + 6*u**2 + 5*u + 7. Let j be x(-5). Let m be s(j). What is the greatest common factor of m and 2?
2
Let r = -1468 + 1475. Calculate the highest common factor of r and 175.
7
Let f = -20 + 28. Suppose f*m = 3*m + 50. Let b be (0 - -10)/(m/40). What is the greatest common divisor o